ded by 25?
24
Suppose 0 = -2*z - 0*z - 32. Let s = 15 + z. Calculate the remainder when (-10)/((-2)/1 - s) is divided by 3.
1
What is the remainder when (-6 - (-485)/5) + 1 is divided by 18?
2
Suppose -x = -4*v, 0*x + 3*x + 4*v - 80 = 0. What is the remainder when 56 is divided by x?
16
Let r be -3*((-2576)/12)/7. Let l = r - 88. Calculate the remainder when 41 is divided by l.
1
Let x = 169 + -160. Calculate the remainder when 22 is divided by x.
4
Let c(u) = -7*u + 59. Let i(m) = -2*m + 15. Let x(s) = 4*c(s) - 18*i(s). Calculate the remainder when x(10) is divided by 8.
6
Suppose -3*b + 64 = 5*b. Let i = b + 24. Calculate the remainder when i is divided by 11.
10
Let u = -35 - -50. What is the remainder when 223 is divided by ((-1)/3 - (-260)/u) + -2?
13
Let p(i) = 50*i - 3. What is the remainder when p(2) is divided by (1/(-4))/(41/(-1804))?
9
Let k = 21 - 40. Let n = k - -19. Suppose n = 2*l + 4*c - 68, -2*l + 2*c - 3*c = -56. Calculate the remainder when 102 is divided by l.
24
Suppose 0 = -0*s + s. Suppose s*t + 40 = 2*t. Calculate the remainder when 39 is divided by t.
19
Let z(h) = -3*h**3 - 101*h**2 - 66*h + 37. What is the remainder when ((-6)/3)/((-2)/257) is divided by z(-33)?
35
Suppose 2*p - 5*o - 30 = 6, 0 = 2*o - 8. What is the remainder when p is divided by 5?
3
Let g(z) be the second derivative of 0 + 3/2*z**2 + 5/6*z**4 + 4*z + 1/2*z**3. What is the remainder when g(3) is divided by 26?
24
Let t = 33 - -44. Suppose -5*d + t = -a, -d + a = -4 - 9. What is the remainder when 109 is divided by d?
13
Let d = -356 + 462. What is the remainder when 325 is divided by d?
7
Suppose 133 = -0*n + 4*n + 5*q, q = -n + 32. Calculate the remainder when n is divided by 10.
7
Let s = -388 - -657. What is the remainder when s is divided by 34?
31
Let g(k) = -2*k + 2. Let h(n) = -5*n + 7. Let c(a) = -11*g(a) + 4*h(a). What is the remainder when 38 is divided by c(4)?
10
Let b = 37 + -22. Suppose 0 = -3*d + b, -16 = -s + 4*d - 4. What is the remainder when 95 is divided by s?
31
Suppose -5*s + 3*y + 398 = 0, 0 = 4*s + y + 86 - 401. What is the remainder when s is divided by 8?
7
Suppose r + 347 = 8*f - 4*f, -12 = 4*r. Calculate the remainder when f is divided by 6.
2
Suppose 5*u - 10*v - 78 = -11*v, -24 = -2*u + 2*v. What is the remainder when 72 is divided by u?
12
Let d = 287 - 285. What is the remainder when 3 is divided by d?
1
Suppose -11*p + 10*p + 107 = 0. Calculate the remainder when 532 is divided by p.
104
Let s be 141 + 2 + -1 + 2. What is the remainder when (21/28)/(3/s) is divided by (-2)/(-6) + 87/9?
6
Let f(t) = -t + 8. Let h be f(6). Suppose -3*q - s = -39, h*q + s = q + 11. Let j(m) = -9*m**3 - 1. What is the remainder when q is divided by j(-1)?
6
What is the remainder when 75/(-6)*-17 + (-6)/4 is divided by 50?
11
Suppose -64 = -5*d - 13*o + 12*o, 60 = 4*d + 3*o. Suppose -n - 154 = -4*j - 65, -2*n - 63 = -3*j. Calculate the remainder when j is divided by d.
11
Let q(z) = z - 3 - 9 + 14. Suppose j + 3*o - 6*o = 27, 0 = 2*o + 8. What is the remainder when 65 is divided by q(j)?
14
Let w = 271 - 193. Suppose -w + 256 = 5*x + k, -3*k + 138 = 4*x. Let y = x - 10. What is the remainder when 49 is divided by y?
23
Suppose -7*m + 4080 - 636 = 0. What is the remainder when m is divided by 125?
117
Let o = -830 - -861. What is the remainder when 253 is divided by o?
5
Let o = -58 - -138. Let m be (10/(-8))/((-4)/o). Let i = m - 13. Calculate the remainder when 23 is divided by i.
11
Let f = -250 - -269. Calculate the remainder when 70 is divided by f.
13
Let t(z) = -z**3 + 74*z**2 - 138*z - 59. What is the remainder when t(72) is divided by 104?
61
Suppose 2*o = z + 864, -119 = -2*o + 5*z + 753. Calculate the remainder when o is divided by 31.
28
Let m = 945 + -870. What is the remainder when m is divided by 15?
0
Suppose 730 = 56*t - 166. What is the remainder when 829 is divided by t?
13
Suppose 36*j - 63 - 81 = 0. Suppose -5*b + 0*b = -95. What is the remainder when b is divided by j?
3
Suppose -6*v + 1548 + 3228 = 0. What is the remainder when v is divided by 42?
40
Suppose 0 = -z - 20 + 91. Suppose 66*d + 100 = z*d. What is the remainder when d is divided by 10?
0
Suppose 5*v + o - 32 = 0, v + o + 2 = -2*o. Suppose 6*j - 4*j = -3*y + 112, -165 = -5*y + j. Let a = -22 + y. What is the remainder when a is divided by v?
5
Suppose 8*b + 354 = 562. Suppose o = -3*z + 55, 186 = 4*o - 0*o - 5*z. What is the remainder when o is divided by b?
23
Suppose 4*x - 167 = -16*w + 15*w, -3*x = -4*w - 130. What is the remainder when 104 is divided by x?
20
Suppose -57*v - 300 = -63*v. Calculate the remainder when 117 is divided by v.
17
Let x = -14 + 23. Suppose -5*w = -4*d - 9 - x, 4*d + 4*w = 0. Let u(s) = s**2 + s - 1. Calculate the remainder when u(d) is divided by 1.
0
Let p(a) = -3*a**3 - 5*a**2 - a - 42. What is the remainder when p(-5) is divided by 55?
48
Let l = 2 - 12. Let q(y) = y + 21. Let k be q(l). Let f = k - 8. Calculate the remainder when 7 is divided by f.
1
Suppose -2*n - 5*o + 57 = 0, 5*n + o = 238 - 38. What is the remainder when 71 is divided by n?
30
Suppose -24*w - 2*w + 130 = 0. Let j be (3/9)/(2/12). Let r = 6 + j. Calculate the remainder when r is divided by w.
3
Suppose -11 + 1 = -5*q. Suppose 6*s - q*s = 12. Suppose s*b + 20 = 8*b. Calculate the remainder when 14 is divided by b.
2
Suppose -3*d + 266 = v, -2*v - 12 = v. Suppose 0 = 2*z - 7*z + d. What is the remainder when z is divided by 7?
4
Suppose 2*p + 9 = 55. Suppose -5*k + 70 + 0 = 2*y, 5*k = -10. Calculate the remainder when y is divided by p.
17
Let c = -401 + 479. What is the remainder when c is divided by 0 - 2 - (-23)/1?
15
Suppose f = -3*l + 30, 4*f - 102 = 3*l + 93. Calculate the remainder when f is divided by 16.
13
Suppose -64 = -5*f - j - 2*j, -2 = j. Suppose 0 = -8*b + f*b - 30. What is the remainder when 7 is divided by b?
2
Suppose z - 2 = -d, -3*d - 23 = -4*z - 8. Let o = z + 8. Suppose -f + 120 = 3*s, 0 = -2*s - f - 3*f + 70. Calculate the remainder when s is divided by o.
8
Let v(y) = -y**2 - 9*y + 12. Calculate the remainder when v(-9) is divided by (-432)/(-64) - 3/(-12).
5
Suppose 18*p + 937 = 2431. What is the remainder when p is divided by 12?
11
Suppose -f + 4*p = f - 152, -3*p = -9. Suppose -2*a = 2*j - 3*j + f, -j = a - 88. Calculate the remainder when j is divided by 22.
20
Suppose 0 = -3*o + 2*o + 5*d + 44, 5 = d. Let x = -54 + o. What is the remainder when 298 is divided by x?
13
Suppose 456*v = 452*v + 216. What is the remainder when 156 is divided by v?
48
Let x(s) = 31*s**3 + 6*s - 7. What is the remainder when 120 is divided by x(1)?
0
Suppose 0*u - 4*u - 2*d - 188 = 0, 2*u = d - 102. Let s = 63 + u. Suppose -2*j + 80 = -a, 0 = 2*j + 4*a - 90 + 10. What is the remainder when j is divided by s?
12
Let o(v) = v. Let i be o(-4). Let x be 2220/(-6)*i/2. Calculate the remainder when (12/(-15))/((-8)/x) is divided by 19.
17
Suppose 11*l - 10*l - 63 = 0. Suppose -4*b - 2*m + 34 = -28, 4*b = -3*m + l. Suppose -2*z + 228 = 2*z. What is the remainder when z is divided by b?
12
Let s = -331 + 353. Calculate the remainder when 284 is divided by s.
20
Let b = -23 - -36. Let x = b - -6. What is the remainder when 53 is divided by x?
15
Suppose 370 + 764 = 42*k. What is the remainder when 403 is divided by k?
25
Let l(s) = 3*s**3 - 15*s**2 + 12*s + 5. Calculate the remainder when l(6) is divided by 25.
10
Let x be ((50/(-4))/(-1))/(17/34). Let g = x - 19. Let q(b) = -b**2 + 8*b - 2. Calculate the remainder when q(6) is divided by g.
4
Let n(z) = -6*z + 38. Let s be n(-10). Let k = -69 + s. What is the remainder when 142 is divided by k?
26
Let c be (-2)/(-6) - 110/(-66). Let x(l) = -12*l + 16*l - 13 - 10*l + l**c. Calculate the remainder when x(-7) is divided by 20.
18
Let b be 4 + (-9)/(18/8). Suppose 0 = 3*x - 4*w - 24 - 111, -2*w = b. Calculate the remainder when x is divided by 12.
9
Suppose 3*r - 5 - 52 = -4*h, 5*h - 45 = -2*r. Suppose 5*n = -k + 2*k + 30, -3*k = -r. Calculate the remainder when 11 is divided by n.
4
Let d = 15 - 13. Suppose -3*a - 48 = -d*p, 2*p = 5*a + 53 + 3. What is the remainder when 68 is divided by p?
14
Suppose 20*b = 9*b + 517. What is the remainder when b is divided by 26?
21
Suppose 3*f - 4*v - 57 = 0, -4*f =